20
What is the remainder when 1394127 is divided by 219?
192
Calculate the remainder when 694133 is divided by 2299.
2134
What is the remainder when 8612260 is divided by 34?
26
Calculate the remainder when 4735204 is divided by 189.
187
What is the remainder when 114879 is divided by 5418?
1101
Calculate the remainder when 96282 is divided by 2084.
418
What is the remainder when 219084475 is divided by 49?
36
Calculate the remainder when 1620816 is divided by 1797.
1719
What is the remainder when 4751697 is divided by 799?
44
Calculate the remainder when 584854 is divided by 194923.
85
Calculate the remainder when 5775346 is divided by 326.
256
What is the remainder when 448936 is divided by 148880?
2296
What is the remainder when 18149466 is divided by 9074699?
68
What is the remainder when 264618 is divided by 12005?
508
What is the remainder when 180664 is divided by 4202?
4180
Calculate the remainder when 1021535 is divided by 329.
319
What is the remainder when 94561776 is divided by 20?
16
What is the remainder when 496458 is divided by 3066?
2832
What is the remainder when 933571089 is divided by 755?
754
Calculate the remainder when 46474060 is divided by 37209.
19
What is the remainder when 65655 is divided by 9378?
9
What is the remainder when 321880 is divided by 122?
44
Calculate the remainder when 225310096 is divided by 29.
19
Calculate the remainder when 6594581 is divided by 600.
581
Calculate the remainder when 402114 is divided by 100524.
18
Calculate the remainder when 3455567 is divided by 107986.
15
Calculate the remainder when 75391 is divided by 75221.
170
What is the remainder when 429740 is divided by 601?
25
Calculate the remainder when 2043466 is divided by 76.
54
Calculate the remainder when 28230 is divided by 11274.
5682
What is the remainder when 1122386 is divided by 284?
18
Calculate the remainder when 230150 is divided by 1798.
6
Calculate the remainder when 467179 is divided by 1171.
1121
Calculate the remainder when 12519120 is divided by 808.
776
Calculate the remainder when 49321 is divided by 24493.
335
Calculate the remainder when 643298 is divided by 128258.
2008
Calculate the remainder when 121674 is divided by 2213.
2172
What is the remainder when 27622655 is divided by 4603774?
11
Calculate the remainder when 64609969 is divided by 47.
9
Calculate the remainder when 63891 is divided by 4523.
569
Calculate the remainder when 3487 is divided by 1148.
43
Calculate the remainder when 2964227 is divided by 1482061.
105
Calculate the remainder when 41001269 is divided by 261.
257
What is the remainder when 3038471 is divided by 1999?
1990
What is the remainder when 7269901 is divided by 531?
511
What is the remainder when 840119 is divided by 6?
5
Calculate the remainder when 789704 is divided by 285.
254
What is the remainder when 6953 is divided by 6837?
116
Calculate the remainder when 233893 is divided by 233480.
413
Calculate the remainder when 2484359948 is divided by 23.
21
Calculate the remainder when 11217795 is divided by 21.
15
Calculate the remainder when 277611 is divided by 520.
451
Calculate the remainder when 1103197 is divided by 551598.
1
Calculate the remainder when 566823 is divided by 1165.
633
What is the remainder when 31724 is divided by 3172?
4
Calculate the remainder when 25282827 is divided by 481.
24
What is the remainder when 41853 is divided by 13127?
2472
Calculate the remainder when 4707422 is divided by 2247.
2204
Calculate the remainder when 26319511 is divided by 27.
19
What is the remainder when 1002453 is divided by 34?
31
Calculate the remainder when 301023 is divided by 891.
756
Calculate the remainder when 588507 is divided by 147107.
79
What is the remainder when 13117827 is divided by 3139?
3085
Calculate the remainder when 397220 is divided by 296.
284
Calculate the remainder when 3835883 is divided by 28841.
30
Calculate the remainder when 2981740 is divided by 38.
32
Calculate the remainder when 1955975 is divided by 2868.
2867
What is the remainder when 614546 is divided by 307209?
128
Calculate the remainder when 66301115 is divided by 12.
11
What is the remainder when 1632205 is divided by 14444?
33
Calculate the remainder when 870568 is divided by 713.
708
What is the remainder when 50613194 is divided by 11?
5
Calculate the remainder when 10820926 is divided by 33193.
8
What is the remainder when 8178935 is divided by 1316?
1311
What is the remainder when 177284808 is divided by 3?
0
Calculate the remainder when 30185984 is divided by 5673.
5624
What is the remainder when 668262 is divided by 13629?
441
Calculate the remainder when 2857828 is divided by 77230.
318
Calculate the remainder when 1152992 is divided by 123.
113
What is the remainder when 22394941 is divided by 16?
13
Calculate the remainder when 19806472 is divided by 256.
8
What is the remainder when 4360777 is divided by 1372?
561
Calculate the remainder when 9826531 is divided by 4579.
4576
What is the remainder when 17966947 is divided by 2116?
2107
Calculate the remainder when 3196601 is divided by 6919.
23
What is the remainder when 2136265 is divided by 1175?
115
What is the remainder when 5342303 is divided by 38710?
323
Calculate the remainder when 24959839 is divided by 1028.
1027
Calculate the remainder when 11225 is divided by 9895.
1330
Calculate the remainder when 172750891 is divided by 1607.
1605
What is the remainder when 33407248 is divided by 4772459?
35
What is the remainder when 200213566 is divided by 6176?
6174
Calculate the remainder when 46732 is divided by 737.
301
What is the remainder when 4960 is divided by 4878?
82
Calculate the remainder when 9482453 is divided by 21.
8
Calculate the remainder when 149694 is divided by 611.
610
What is the remainder when 1948003 is divided by 139142?
15
What is the remainder when 25607434 is divided by 10?
4
What is the remainder when 22464291 is divided by 142179?
9
Calculate the remainder when 1837149 is divided by 229625.
149
What is the remainder when 678091 is divided by 108?
67
What is the remainder when 8439778 is divided by 206?
164
Calculate the remainder when 9090 is divided by 2080.
770
Calculate the remainder when 1125985 is divided by 562908.
169
What is the remainder when 74768715 is divided by 103?
88
Calculate the remainder when 16119 is divided by 6442.
3235
Calculate the remainder when 1684356 is divided by 420969.
480
Calculate the remainder when 25543130 is divided by 161.
158
Calculate the remainder when 8995692 is divided by 360.
12
What is the remainder when 1992156 is divided by 2407?
1567
What is the remainder when 662684828 is divided by 10055?
10053
Calculate the remainder when 36910769 is divided by 7382137.
84
Calculate the remainder when 4311105 is divided by 1331.
1327
What is the remainder when 183838 is divided by 1027?
5
Calculate the remainder when 826317 is divided by 13159.
10459
Calculate the remainder when 644151 is divided by 107358.
3
Calculate the remainder when 5779299 is divided by 5779234.
65
Calculate the remainder when 84389 is divided by 42183.
23
What is the remainder when 138072 is divided by 2297?
252
What is the remainder when 44778 is divided by 407?
8
Calculate the remainder when 16905804 is divided by 293.
290
Calculate the remainder when 24824688 is divided by 1909590.
18
Calculate the remainder when 21680378 is divided by 7226792.
2
What is the remainder when 772322 is divided by 2054?
18
What is the remainder when 9174849 is divided by 366993?
24
Calculate the remainder when 1372004 is divided by 1236.
44
What is the remainder when 13544179 is divided by 2260?
2259
What is the remainder when 234273 is divided by 29281?
25
Calculate the remainder when 56024184 is divided by 2722.
2702
What is the remainder when 8818170 is divided by 481?
478
Calculate the remainder when 812166 is divided by 4120.
526
Calculate the remainder when 11726787 is divided by 218.
131
Calculate the remainder when 9029483 is divided by 54393.
245
Calculate the remainder when 63497088 is divided by 9160.
9128
What is the remainder when 3473203 is divided by 1736579?
45
What is the remainder when 121270 is divided by 60599?
72
Calculate the remainder when 57270738 is divided by 9545121.
12
What is